{"id":2840,"date":"2024-03-17T12:05:09","date_gmt":"2024-03-17T11:05:09","guid":{"rendered":"http:\/\/192.168.125.46\/wordpress_01\/?page_id=2840"},"modified":"2025-09-24T11:33:32","modified_gmt":"2025-09-24T09:33:32","slug":"ueber-mich","status":"publish","type":"page","link":"https:\/\/www.juleaufreisen.de\/?page_id=2840","title":{"rendered":"\u00dcber mich"},"content":{"rendered":"\t\t<div data-elementor-type=\"wp-page\" data-elementor-id=\"2840\" class=\"elementor elementor-2840\">\n\t\t\t\t\t\t<section class=\"elementor-section elementor-top-section elementor-element elementor-element-e6e56a7 elementor-section-boxed elementor-section-height-default elementor-section-height-default\" data-id=\"e6e56a7\" data-element_type=\"section\">\n\t\t\t\t\t\t<div class=\"elementor-container elementor-column-gap-default\">\n\t\t\t\t\t<div class=\"elementor-column elementor-col-100 elementor-top-column elementor-element elementor-element-3e681d4\" data-id=\"3e681d4\" data-element_type=\"column\">\n\t\t\t<div class=\"elementor-widget-wrap elementor-element-populated\">\n\t\t\t\t\t\t<div class=\"elementor-element elementor-element-7413ab9 elementor-widget elementor-widget-image\" data-id=\"7413ab9\" data-element_type=\"widget\" data-widget_type=\"image.default\">\n\t\t\t\t<div class=\"elementor-widget-container\">\n\t\t\t\t\t\t\t\t\t\t\t\t\t\t\t<img fetchpriority=\"high\" decoding=\"async\" width=\"193\" height=\"300\" src=\"https:\/\/www.juleaufreisen.de\/wp-content\/uploads\/2024\/03\/IMG_5804-193x300.jpeg\" class=\"attachment-medium size-medium wp-image-2843\" alt=\"\" srcset=\"https:\/\/www.juleaufreisen.de\/wp-content\/uploads\/2024\/03\/IMG_5804-193x300.jpeg 193w, https:\/\/www.juleaufreisen.de\/wp-content\/uploads\/2024\/03\/IMG_5804-658x1024.jpeg 658w, https:\/\/www.juleaufreisen.de\/wp-content\/uploads\/2024\/03\/IMG_5804-768x1196.jpeg 768w, https:\/\/www.juleaufreisen.de\/wp-content\/uploads\/2024\/03\/IMG_5804-986x1536.jpeg 986w, https:\/\/www.juleaufreisen.de\/wp-content\/uploads\/2024\/03\/IMG_5804-1315x2048.jpeg 1315w, https:\/\/www.juleaufreisen.de\/wp-content\/uploads\/2024\/03\/IMG_5804-1320x2055.jpeg 1320w, https:\/\/www.juleaufreisen.de\/wp-content\/uploads\/2024\/03\/IMG_5804-scaled.jpeg 1644w\" sizes=\"(max-width: 193px) 100vw, 193px\" \/>\t\t\t\t\t\t\t\t\t\t\t\t\t\t\t<\/div>\n\t\t\t\t<\/div>\n\t\t\t\t\t<\/div>\n\t\t<\/div>\n\t\t\t\t\t<\/div>\n\t\t<\/section>\n\t\t\t\t<section class=\"elementor-section elementor-top-section elementor-element elementor-element-e05dc14 elementor-section-boxed elementor-section-height-default elementor-section-height-default\" data-id=\"e05dc14\" data-element_type=\"section\">\n\t\t\t\t\t\t<div class=\"elementor-container elementor-column-gap-default\">\n\t\t\t\t\t<div class=\"elementor-column elementor-col-100 elementor-top-column elementor-element elementor-element-5d4ea88\" data-id=\"5d4ea88\" data-element_type=\"column\">\n\t\t\t<div class=\"elementor-widget-wrap elementor-element-populated\">\n\t\t\t\t\t\t<div class=\"elementor-element elementor-element-351fba2 elementor-widget elementor-widget-text-editor\" data-id=\"351fba2\" data-element_type=\"widget\" data-widget_type=\"text-editor.default\">\n\t\t\t\t<div class=\"elementor-widget-container\">\n\t\t\t\t\t\t\t\t\t<p>Reisen spielte in meiner Familie schon immer eine grosse Rolle. Der Name meines Reiseblogs entstammt von meinem Spitznamen, den meine ebenfalls sehr reiselustige Tante mir als Kind gab. Sie war bis ins hohe Alter mit ihrem Reisemobil jedes Jahr monatelang in Europa unterwegs. Mal mit Familie, mal mit Freunden, mal alleine, aber immer mit ihrem Hund. Ich habe sie f\u00fcr ihren Reisemut sehr bewundert. Bei Juleaufreisen m\u00f6chte ich meine \u00a0Erfahrungen und Erlebnisse von meinen Reisen weitergeben und \u00a0Tipps f\u00fcr Hotels, Ausfl\u00fcge und Touren geben. Auch wenn Ziele, die man nur mit dem Flugzeug erreichen kann, mich begeistern, geh\u00f6ren die Reisen mit meiner Labradorh\u00fcndin Abby zu den sch\u00f6nsten. Traurigerweise ist sie im Sommer 2024 verstorben. Nach einem Dreiviertel Jahr ohne Hund zog im April 2025 der kleine Labradorwelpe Iyk bei uns ein. Welche Ziele und Reisearten mit einem vierbeinigen Begleiter sich bew\u00e4hren, findet ihr ebenfalls hier. Viel Spass beim St\u00f6bern und Lesen.<\/p>\t\t\t\t\t\t\t\t<\/div>\n\t\t\t\t<\/div>\n\t\t\t\t\t<\/div>\n\t\t<\/div>\n\t\t\t\t\t<\/div>\n\t\t<\/section>\n\t\t\t\t<\/div>\n\t\t","protected":false},"excerpt":{"rendered":"<p>Reisen spielte in meiner Familie schon immer eine grosse Rolle. Der Name meines Reiseblogs entstammt von meinem Spitznamen, den meine [&hellip;]<\/p>\n","protected":false},"author":1,"featured_media":0,"parent":0,"menu_order":0,"comment_status":"closed","ping_status":"closed","template":"","meta":{"site-sidebar-layout":"default","site-content-layout":"","ast-site-content-layout":"","site-content-style":"default","site-sidebar-style":"default","ast-global-header-display":"","ast-banner-title-visibility":"","ast-main-header-display":"","ast-hfb-above-header-display":"","ast-hfb-below-header-display":"","ast-hfb-mobile-header-display":"","site-post-title":"","ast-breadcrumbs-content":"","ast-featured-img":"","footer-sml-layout":"","theme-transparent-header-meta":"","adv-header-id-meta":"","stick-header-meta":"","header-above-stick-meta":"","header-main-stick-meta":"","header-below-stick-meta":"","astra-migrate-meta-layouts":"default","ast-page-background-enabled":"default","ast-page-background-meta":{"desktop":{"background-color":"var(--ast-global-color-5)","background-image":"","background-repeat":"repeat","background-position":"center center","background-size":"auto","background-attachment":"scroll","background-type":"","background-media":"","overlay-type":"","overlay-color":"","overlay-opacity":"","overlay-gradient":""},"tablet":{"background-color":"","background-image":"","background-repeat":"repeat","background-position":"center center","background-size":"auto","background-attachment":"scroll","background-type":"","background-media":"","overlay-type":"","overlay-color":"","overlay-opacity":"","overlay-gradient":""},"mobile":{"background-color":"","background-image":"","background-repeat":"repeat","background-position":"center center","background-size":"auto","background-attachment":"scroll","background-type":"","background-media":"","overlay-type":"","overlay-color":"","overlay-opacity":"","overlay-gradient":""}},"ast-content-background-meta":{"desktop":{"background-color":"var(--ast-global-color-4)","background-image":"","background-repeat":"repeat","background-position":"center center","background-size":"auto","background-attachment":"scroll","background-type":"","background-media":"","overlay-type":"","overlay-color":"","overlay-opacity":"","overlay-gradient":""},"tablet":{"background-color":"var(--ast-global-color-4)","background-image":"","background-repeat":"repeat","background-position":"center center","background-size":"auto","background-attachment":"scroll","background-type":"","background-media":"","overlay-type":"","overlay-color":"","overlay-opacity":"","overlay-gradient":""},"mobile":{"background-color":"var(--ast-global-color-4)","background-image":"","background-repeat":"repeat","background-position":"center center","background-size":"auto","background-attachment":"scroll","background-type":"","background-media":"","overlay-type":"","overlay-color":"","overlay-opacity":"","overlay-gradient":""}},"footnotes":""},"class_list":["post-2840","page","type-page","status-publish","hentry"],"_links":{"self":[{"href":"https:\/\/www.juleaufreisen.de\/index.php?rest_route=\/wp\/v2\/pages\/2840","targetHints":{"allow":["GET"]}}],"collection":[{"href":"https:\/\/www.juleaufreisen.de\/index.php?rest_route=\/wp\/v2\/pages"}],"about":[{"href":"https:\/\/www.juleaufreisen.de\/index.php?rest_route=\/wp\/v2\/types\/page"}],"author":[{"embeddable":true,"href":"https:\/\/www.juleaufreisen.de\/index.php?rest_route=\/wp\/v2\/users\/1"}],"replies":[{"embeddable":true,"href":"https:\/\/www.juleaufreisen.de\/index.php?rest_route=%2Fwp%2Fv2%2Fcomments&post=2840"}],"version-history":[{"count":16,"href":"https:\/\/www.juleaufreisen.de\/index.php?rest_route=\/wp\/v2\/pages\/2840\/revisions"}],"predecessor-version":[{"id":4303,"href":"https:\/\/www.juleaufreisen.de\/index.php?rest_route=\/wp\/v2\/pages\/2840\/revisions\/4303"}],"wp:attachment":[{"href":"https:\/\/www.juleaufreisen.de\/index.php?rest_route=%2Fwp%2Fv2%2Fmedia&parent=2840"}],"curies":[{"name":"wp","href":"https:\/\/api.w.org\/{rel}","templated":true}]}}

Über mich

<div data-elementor-type="wp-page" data-elementor-id="2840" class="elementor elementor-2840">
						<section class="elementor-section elementor-top-section elementor-element elementor-element-e6e56a7 elementor-section-boxed elementor-section-height-default elementor-section-height-default" data-id="e6e56a7" data-element_type="section">
						<div class="elementor-container elementor-column-gap-default">
					<div class="elementor-column elementor-col-100 elementor-top-column elementor-element elementor-element-3e681d4" data-id="3e681d4" data-element_type="column">
			<div class="elementor-widget-wrap elementor-element-populated">
						<div class="elementor-element elementor-element-7413ab9 elementor-widget elementor-widget-image" data-id="7413ab9" data-element_type="widget" data-widget_type="image.default">
				<div class="elementor-widget-container">
															<img fetchpriority="high" decoding="async" width="193" height="300" src="https://www.juleaufreisen.de/wp-content/uploads/2024/03/IMG_5804-193x300.jpeg" class="attachment-medium size-medium wp-image-2843" alt="" srcset="https://www.juleaufreisen.de/wp-content/uploads/2024/03/IMG_5804-193x300.jpeg 193w, https://www.juleaufreisen.de/wp-content/uploads/2024/03/IMG_5804-658x1024.jpeg 658w, https://www.juleaufreisen.de/wp-content/uploads/2024/03/IMG_5804-768x1196.jpeg 768w, https://www.juleaufreisen.de/wp-content/uploads/2024/03/IMG_5804-986x1536.jpeg 986w, https://www.juleaufreisen.de/wp-content/uploads/2024/03/IMG_5804-1315x2048.jpeg 1315w, https://www.juleaufreisen.de/wp-content/uploads/2024/03/IMG_5804-1320x2055.jpeg 1320w, https://www.juleaufreisen.de/wp-content/uploads/2024/03/IMG_5804-scaled.jpeg 1644w" sizes="(max-width: 193px) 100vw, 193px" />															</div>
				</div>
					</div>
		</div>
					</div>
		</section>
				<section class="elementor-section elementor-top-section elementor-element elementor-element-e05dc14 elementor-section-boxed elementor-section-height-default elementor-section-height-default" data-id="e05dc14" data-element_type="section">
						<div class="elementor-container elementor-column-gap-default">
					<div class="elementor-column elementor-col-100 elementor-top-column elementor-element elementor-element-5d4ea88" data-id="5d4ea88" data-element_type="column">
			<div class="elementor-widget-wrap elementor-element-populated">
						<div class="elementor-element elementor-element-351fba2 elementor-widget elementor-widget-text-editor" data-id="351fba2" data-element_type="widget" data-widget_type="text-editor.default">
				<div class="elementor-widget-container">
									<p>Reisen spielte in meiner Familie schon immer eine grosse Rolle. Der Name meines Reiseblogs entstammt von meinem Spitznamen, den meine ebenfalls sehr reiselustige Tante mir als Kind gab. Sie war bis ins hohe Alter mit ihrem Reisemobil jedes Jahr monatelang in Europa unterwegs. Mal mit Familie, mal mit Freunden, mal alleine, aber immer mit ihrem Hund. Ich habe sie für ihren Reisemut sehr bewundert. Bei Juleaufreisen möchte ich meine  Erfahrungen und Erlebnisse von meinen Reisen weitergeben und  Tipps für Hotels, Ausflüge und Touren geben. Auch wenn Ziele, die man nur mit dem Flugzeug erreichen kann, mich begeistern, gehören die Reisen mit meiner Labradorhündin Abby zu den schönsten. Traurigerweise ist sie im Sommer 2024 verstorben. Nach einem Dreiviertel Jahr ohne Hund zog im April 2025 der kleine Labradorwelpe Iyk bei uns ein. Welche Ziele und Reisearten mit einem vierbeinigen Begleiter sich bewähren, findet ihr ebenfalls hier. Viel Spass beim Stöbern und Lesen.</p>								</div>
				</div>
					</div>
		</div>
					</div>
		</section>
				</div>
